{"id":1934,"date":"2023-11-09T22:02:34","date_gmt":"2023-11-09T21:02:34","guid":{"rendered":"https:\/\/houseofpellet.pl\/?post_type=product&#038;p=1934"},"modified":"2025-12-04T21:04:20","modified_gmt":"2025-12-04T20:04:20","slug":"brykiet-drzewny-ruf-960kg","status":"publish","type":"product","link":"https:\/\/houseofpellet.pl\/index.php\/product\/brykiet-drzewny-ruf-960kg\/","title":{"rendered":"Brykiet drzewny RUF (960kg)"},"content":{"rendered":"<p style=\"font-weight: 400;\">Najni\u017csza cena w ci\u0105gu ostatnich 30 dni:\u00a01599,00\u00a0z\u0142.<\/p>\n<p style=\"font-weight: 400;\">Brykiet drzewny RUF \u00a0to \u015bwietna alternatywa dla bardziej uci\u0105\u017cliwych materia\u0142\u00f3w<br \/>\nopa\u0142owych takich jak drewno kominkowe.<\/p>\n<p style=\"font-weight: 400;\">Nie brudzi przewodu kominowego i szyby. Pozostawia znacznie mniej popio\u0142u a w procesie spalania nie wydzielaj\u0105 si\u0119 szkodliwe substancje , kt\u00f3re powstaj\u0105 przy spalaniu nieodpowiednio wysezonowanego drewna<\/p>\n<p style=\"font-weight: 400;\"><strong>Opis<\/strong><\/p>\n<p style=\"font-weight: 400;\">Brykiet zosta\u0142 wyprodukowany ze zr\u0119bki,\u00a0trociny drzew li\u015bciastych. Stosowany w<br \/>\nkominkach, kot\u0142ach wielopaliwowych i zgazowuj\u0105cych drewno oraz piecach.<\/p>\n<ul>\n<li style=\"font-weight: 400;\">Warto\u015b\u0107 opa\u0142owa \u2013 od 18000kJ\/kg.<\/li>\n<li style=\"font-weight: 400;\">Popi\u00f3\u0142 \u2013 do 0,8 %.<\/li>\n<li style=\"font-weight: 400;\">\u0141atwy spos\u00f3b przechowywania- 1t zajmuje jedynie 2,2 mp drewna<br \/>\nkominkowego.<\/li>\n<li style=\"font-weight: 400;\">Mo\u017cliwo\u015b\u0107 wykorzystania pozosta\u0142ej cz\u0119\u015bci popio\u0142u jako naw\u00f3z,<\/li>\n<li style=\"font-weight: 400;\">\u201eZerowa emisja CO2\u201d \u2013 ilo\u015b\u0107 CO2 r\u00f3wna dawce pobieranej przez<br \/>\nro\u015bliny.<\/li>\n<li style=\"font-weight: 400;\">Nie zawiera substancji szkodliwych.<\/li>\n<li style=\"font-weight: 400;\">Bezzapachowy.<\/li>\n<li style=\"font-weight: 400;\">Niebrudz\u0105cy.<\/li>\n<li style=\"font-weight: 400;\">Hipoalergiczny.<\/li>\n<\/ul>\n<p style=\"font-weight: 400;\">Dba\u0142o\u015b\u0107 o ka\u017cdy detal produktu stawia go na wysokim miejscu w\u015br\u00f3d<br \/>\nr\u00f3\u017cnych rodzaj\u00f3w paliw pod wzgl\u0119dem funkcjonalno\u015bci oraz wygody w<br \/>\nu\u017cytkowaniu.<\/p>\n<p style=\"font-weight: 400;\">Dane techniczne oferowanego przez nas brykietu:<\/p>\n<ul>\n<li style=\"font-weight: 400;\">Zawarto\u015b\u0107 wilgoci ca\u0142kowitej: do 10%<\/li>\n<li style=\"font-weight: 400;\">Zawarto\u015b\u0107 popio\u0142u: 0,8%<\/li>\n<li style=\"font-weight: 400;\">Warto\u015b\u0107 opa\u0142owa: nie mniej ni\u017c 18000 kJ\/kg<\/li>\n<\/ul>\n<p style=\"font-weight: 400;\"><strong>Cena podana za 1 palet\u0119<\/strong>\u00a0(<em>960kg<\/em>). Dostawa na terenie ca\u0142ej Polski\u00a0<strong>GRATIS.<\/strong><\/p>\n","protected":false},"excerpt":{"rendered":"<p>Brykiet drzewny RUF \u00a0to \u015bwietna alternatywa dla bardziej uci\u0105\u017cliwych materia\u0142\u00f3w<br \/>\nopa\u0142owych takich jak drewno kominkowe.<\/p>\n","protected":false},"featured_media":1939,"comment_status":"closed","ping_status":"closed","template":"","meta":{"om_disable_all_campaigns":false,"_monsterinsights_skip_tracking":false,"_monsterinsights_sitenote_active":false,"_monsterinsights_sitenote_note":"","_monsterinsights_sitenote_category":0,"_kadence_starter_templates_imported_post":false,"_kad_post_transparent":"default","_kad_post_title":"","_kad_post_layout":"default","_kad_post_sidebar_id":"","_kad_post_content_style":"default","_kad_post_vertical_padding":"default","_kad_post_feature":"","_kad_post_feature_position":"","_kad_post_header":false,"_kad_post_footer":false},"product_brand":[],"product_cat":[35],"product_tag":[36,37,38,29,39],"class_list":{"0":"post-1934","1":"product","2":"type-product","3":"status-publish","4":"has-post-thumbnail","6":"product_cat-brykiet","7":"product_tag-brykiet","8":"product_tag-brykiet-drzewny","9":"product_tag-brykiet-drzewny-ruf","10":"product_tag-dostawa-gratis","11":"product_tag-ruf","13":"first","14":"outofstock","15":"sale","16":"shipping-taxable","17":"purchasable","18":"product-type-simple","19":"entry","20":"content-bg","21":"loop-entry"},"aioseo_notices":[],"jetpack_sharing_enabled":true,"_links":{"self":[{"href":"https:\/\/houseofpellet.pl\/index.php\/wp-json\/wp\/v2\/product\/1934","targetHints":{"allow":["GET"]}}],"collection":[{"href":"https:\/\/houseofpellet.pl\/index.php\/wp-json\/wp\/v2\/product"}],"about":[{"href":"https:\/\/houseofpellet.pl\/index.php\/wp-json\/wp\/v2\/types\/product"}],"replies":[{"embeddable":true,"href":"https:\/\/houseofpellet.pl\/index.php\/wp-json\/wp\/v2\/comments?post=1934"}],"version-history":[{"count":4,"href":"https:\/\/houseofpellet.pl\/index.php\/wp-json\/wp\/v2\/product\/1934\/revisions"}],"predecessor-version":[{"id":1994,"href":"https:\/\/houseofpellet.pl\/index.php\/wp-json\/wp\/v2\/product\/1934\/revisions\/1994"}],"wp:featuredmedia":[{"embeddable":true,"href":"https:\/\/houseofpellet.pl\/index.php\/wp-json\/wp\/v2\/media\/1939"}],"wp:attachment":[{"href":"https:\/\/houseofpellet.pl\/index.php\/wp-json\/wp\/v2\/media?parent=1934"}],"wp:term":[{"taxonomy":"product_brand","embeddable":true,"href":"https:\/\/houseofpellet.pl\/index.php\/wp-json\/wp\/v2\/product_brand?post=1934"},{"taxonomy":"product_cat","embeddable":true,"href":"https:\/\/houseofpellet.pl\/index.php\/wp-json\/wp\/v2\/product_cat?post=1934"},{"taxonomy":"product_tag","embeddable":true,"href":"https:\/\/houseofpellet.pl\/index.php\/wp-json\/wp\/v2\/product_tag?post=1934"}],"curies":[{"name":"wp","href":"https:\/\/api.w.org\/{rel}","templated":true}]}}